pose 38 = 2*d + 8. Suppose 0 = 2*c + 4, -3*c = -4*m + 7 + d. Suppose 0 = m*h + n - 33, 5*h - 39 = -5*n - 9. Is 4 a factor of h?
False
Suppose o - 2 = 1, -13 = -2*u - 3*o. Suppose 0 = y + 2*r - 13, -u*y + 0*r - r = -35. Is 19 a factor of y?
True
Let i = 5 + 2. Suppose 5*d + 0 = 5. Suppose 3*y + 2*z - d = 0, i*z - 3*z + 16 = 0. Does 3 divide y?
True
Let t(c) = c**3 + 14*c**2 + 14*c - 7. Let b be t(-13). Is (14/4)/((-2)/b) a multiple of 7?
True
Let a(p) = p**2 + 2*p + 2. Let d(o) = -4*o**2 + o. Let x be d(1). Let c be a(x). Suppose 139 = 3*y - 2*n, -c*y + 8*y + n = 124. Is y a multiple of 20?
False
Let h = -10 - 4. Let d = h + 27. Does 13 divide d?
True
Suppose -i + 2*t = i - 6, 4*t + 20 = 0. Let l = 3 + i. Is 3 a factor of l/(-2) + (-26)/(-4)?
True
Suppose 4*r - r - 6 = 0. Let b be 0 - (-1 + 6)*-1. Suppose r*y = 5*l - 51, -4*l = -b*y - 40 + 6. Does 9 divide l?
False
Let y(z) = -27*z**3 - 17*z**2 - 3*z + 17. Let b(m) = -9*m**3 - 6*m**2 - m + 6. Let a(g) = 17*b(g) - 6*y(g). Is 3 a factor of a(1)?
False
Suppose -69 + 19 = 5*r. Let v = -1 - r. Is v a multiple of 9?
True
Is 6 a factor of 52/286 - (449/(-11) - 2)?
False
Let y be ((-4)/(-2))/(2/19). Suppose -a - 3*s = -4*a + 27, 4*s = -a + y. Is 64/a - 6/(-33) a multiple of 6?
True
Let u(m) = m**2 + 6*m - 1. Let v be (28/8)/((-1)/2). Let z be u(v). Let q = z - -1. Is 7 a factor of q?
True
Let a = 344 - 210. Is 19 a factor of a?
False
Suppose -4*k + 5*g + 26 + 37 = 0, -2*g - 56 = -3*k. Suppose 3*q - 9 = 3*c + 9, 3*q - k = c. Does 8 divide q?
True
Suppose -3*s - 4*b + b + 66 = 0, 107 = 5*s + 2*b. Is s a multiple of 11?
False
Suppose -2 = -2*p - 4*v, 2*p = 3*p + 3*v. Suppose 2*k + 4*d + 46 = 5*k, -k + 7 = -p*d. Does 22 divide k?
True
Suppose 0 = 3*l + 3*t - 738, 0*l - t - 489 = -2*l. Does 35 divide l?
True
Suppose -5*a - 82 = -x, -5*x + 4*x + 72 = 5*a. Let z = 119 - x. Is z a multiple of 21?
True
Let k be 11/4 - (-1)/4. Suppose -b - k*s = -0*b - 2, s = -3*b + 14. Suppose -2*o - 3*o + 125 = b*p, 3*p + 5*o = 83. Does 21 divide p?
True
Let s(b) = b**2 - 6*b + 7. Let q be s(5). Suppose -2*x - 5*k = -x - 21, 156 = 4*x + q*k. Suppose 4*f - 2*f = -3*c + x, -4*f - 4*c + 72 = 0. Is 13 a factor of f?
True
Suppose 3*z = -2*o + o - 8, -5*o - 2 = -4*z. Let k(x) = x**2 + 3*x + 3. Let r be k(-2). Is (0 + z + 20)/r a multiple of 7?
False
Let t = 11 - 2. Does 2 divide t?
False
Suppose -2*h + 5*h = 0. Is 8 a factor of (h - (-3 + 5))*-4?
True
Let z = 3 - 2. Let g(a) = 42*a**3 - a**2 - a + 1. Let o be g(z). Suppose -5*y = -34 - o. Does 15 divide y?
True
Is 11 a factor of 990/(-36)*(0 + -2)?
True
Let c = 63 - -33. Is 30 a factor of c?
False
Suppose 4 = 3*s + t, -t + 1 = -3*s + 5*s. Let g(n) = 4*n**2 - 3*n - 3. Does 12 divide g(s)?
True
Suppose 0 = -l - 4*o - 22, 0 = -4*l + 4*o - o - 12. Suppose 3*r + 62 = p - r, -248 = -4*p + 2*r. Is 10 a factor of (-7)/21 - p/l?
True
Suppose -5*h = n, -6*n = -2*n + 5*h - 75. Is 14 a factor of n?
False
Suppose -k + 3 = 0, 4*x + 4*k - 2 = 14. Suppose 2*f - x + 5 = -4*q, -f + 3*q + 13 = 0. Is f a multiple of 2?
True
Let t = 132 - 72. Suppose 0 = 4*v + v, 4*i + 5*v = t. Does 5 divide i?
True
Does 18 divide 12/15*(88 + 2)?
True
Suppose 0*n = g + 4*n - 47, 0 = -2*g - 3*n + 69. Suppose 3*s + 6 = b - 6, 2*b - 3*s - g = 0. Is b a multiple of 11?
False
Let y(r) = r - 6. Suppose 53 = 5*v - 4*s, v + 2*v + 2*s = 23. Let f be y(v). Suppose f*w = -w + 92. Is w a multiple of 10?
False
Let q(r) be the second derivative of -5*r**3/2 + r. Does 15 divide q(-1)?
True
Let p(y) = -y**3 - 7*y**2 - 5*y + 8. Let t be p(-6). Suppose 2*z - 10 = 0, -135 = -4*q + t*q + 5*z. Does 32 divide q?
False
Let p = -106 + 164. Does 29 divide p?
True
Let a(z) = z**2 - 2*z - 7. Let v be 21/14*14/3. Is a(v) a multiple of 14?
True
Let s(y) = -6*y + 18. Is s(-7) a multiple of 16?
False
Suppose 4*a = -k - 3*k + 24, 2*a = -4*k + 32. Does 2 divide 10/4*16/k?
True
Let a = -21 - -43. Is a a multiple of 9?
False
Is 3/(-5) - (-1128)/30 a multiple of 16?
False
Let h = 10 - 20. Is 4/h*(-71 + 16) a multiple of 11?
True
Suppose 0 = -2*s + 1 + 11. Suppose c - l = 0, -2*c = -2*l - 2*l + s. Suppose 0 = -c*o - 8 + 35. Is o a multiple of 9?
True
Suppose -50 = -2*n + 5*u, -5*n + u + 146 = -u. Is n a multiple of 5?
True
Let g = 115 + -53. Is 13 a factor of g?
False
Suppose 5*v + 0 + 2 = -4*f, 2*v + 10 = 3*f. Suppose 0 = -k + 2*j + 20, -j + 1 - f = 0. Is k a multiple of 9?
True
Let p(c) = -56*c + 6. Let z be p(4). Does 18 divide z/(-6) - 4/(-6)?
False
Suppose 3*j = -q + 5*q - 7, 3*q + 5*j = -2. Let u be 6*-2*q/2. Is ((-28)/u)/(6/9) a multiple of 3?
False
Let j(m) = 6*m - 20. Is 2 a factor of j(4)?
True
Suppose -29 = 4*r - 445. Does 13 divide r?
True
Let n be 21/9 + 2/3. Suppose 10 = 2*u + n*u. Suppose 7*k - 2*k = -u*m + 166, m + 2 = 0. Is k a multiple of 18?
False
Let m(n) = -19*n**3 + 2*n**2 + 4*n + 2. Is m(-2) a multiple of 22?
True
Let w(i) = 6*i**2 - i - 2. Let r be w(-2). Suppose r = z + 2*c, 0*z = -4*z - 3*c + 76. Suppose -7 - z = -n. Does 17 divide n?
False
Let y(d) = 141*d**3 - 1. Let j be y(1). Suppose -5*m + j = -50. Is 19 a factor of m?
True
Let z be (-9)/12 + (-986)/8. Is z/(0 + (2 - 4)) a multiple of 25?
False
Let u(s) = -s**3 + 8*s**2 - 9*s + 2. Is 13 a factor of u(6)?
False
Let g = -143 + 99. Does 22 divide g/(-6)*(-2 - -5)?
True
Suppose 0 = 7*x - 2*x - 40. Let g = x + -6. Suppose 32 = 4*q - 4*l, -5*l = g*q - 14 - 2. Is 4 a factor of q?
True
Is (-6)/(-8) - (-2817)/36 a multiple of 12?
False
Suppose 1 = z - 1. Let b = z + 2. Is b a multiple of 4?
True
Let a = 117 + -65. Is a a multiple of 12?
False
Let l = -25 - -28. Does 16 divide 256/4 + (3 - l)?
True
Suppose -l - 2*l = -6. Suppose -l*t + t = -20. Is t a multiple of 13?
False
Suppose 0*o + 3*g = 3*o - 6, -3*o + g + 6 = 0. Suppose -2*s - 2*y + 50 = 0, 0*s + o*y - 128 = -5*s. Is s a multiple of 13?
True
Let g(y) = y - 2. Let z be g(0). Let u = z + 5. Suppose -u*t - 3 + 27 = 0. Is 7 a factor of t?
False
Let m(i) = -i + 7. Let p be m(8). Is -2*9/(-2) - p a multiple of 10?
True
Suppose 3*r - 33 = -2*n, 4 - 16 = -2*n + 4*r. Does 6 divide n?
True
Let f be 1*3 + -3 + 3. Suppose 44 = -4*m - f*j - j, 0 = 4*m - j + 64. Is 4 a factor of 6/m + (-84)/(-10)?
True
Suppose 4*t = -t + 25. Suppose -39 + t = -j. Does 11 divide j?
False
Let p(x) = -2*x - 9*x + x - 7 - x**2. Let t be p(-9). Is 4 a factor of (t/3)/((-1)/(-6))?
True
Let j = -15 - -11. Is ((-1)/(-2))/(j/(-64)) a multiple of 4?
True
Let c(h) = 0*h - 1 + 0*h - h + 2*h. Does 2 divide c(3)?
True
Suppose -4*a = 3*w - 28, a = -2*w + 3 - 1. Let y(p) = -p**3 + 5*p**2 - p + 1. Let x be y(5). Is 9 a factor of 176/a + x/(-10)?
True
Let d(j) = j**3 - 7*j**2 + j - 2. Let z be d(7). Let v = z + 11. Is v a multiple of 16?
True
Let w be (-4)/(-10) + 28/(-70). Suppose -3*u = -w*u - 102. Does 34 divide u?
True
Let o(i) = -i**2 - 9*i + 8. Let s be o(-8). Suppose 0 = c + 3*c + s. Let a(g) = -5*g - 4. Does 16 divide a(c)?
True
Suppose 0 = -4*t + 5*l + 112, t + 6 = -l + 25. Is 9 a factor of t?
False
Let j(w) = -w**3 - 15*w**2 - 14*w + 18. Let f(q) = -q - 8. Let g be f(6). Does 14 divide j(g)?
False
Suppose 2*a - 3*w = -0*a + 27, 0 = 4*a - 3*w - 45. Suppose 2*l = a + 19. Is 7 a factor of l?
True
Suppose -2*t - r = -0*t + 4, 5*t - 5*r = 5. Is 31 - 4/(3 - t) a multiple of 6?
True
Let n be (-2 + (-16)/(-6))*-9. Let b be (-2)/n*(4 - 1). Is -2 - (0 - 9)/b a multiple of 2?
False
Suppose -17 = 3*o - 4*r, r - 1 + 2 = -o. Let f(c) = -c**3 - c. Let z be f(o). Suppose 2*y - 3*y = -z. Is 15 a factor of y?
True
Let g = -20 - -258. Does 36 divide g?
False
Suppose 3*t + t + 46 = 3*a, 0 = 3*a - 5*t - 47. Suppose 0 = -o + a - 3. Is o a multiple of 8?
False
Let o(c) = c**3 - c + 1. Let l be o(0). Let j = 3 - l. Is ((-9)/j + 0)*-2 a multiple of 9?
True
Suppose 4*r - 73 = 179. Suppose -2*g = -4*h + 3*h - r, 180 = 5*g + 2*h. Does 17 divide g?
True
Is -1*(-3)/9*66 a multiple of 9?
False
Suppose -51 = -3*c + 33. Is c a multiple of 7?
True
Let n = -8 + 14. Suppose n*t = t + 15. Is 3 a factor of t?
True
Let t(x) = -x**2 - 2*x - 327. Let v be t(0). Is 27 a factor of v/(-12) + 1/(-4)?
True
Let z = -8 - -13. Suppose 0 = z*o - t - 33, 5*o - 6*t = -3*t + 39. Is o a multiple of 2?
True
Suppose -y = -4*h + 22, 2*h - 18 = 6*y - 2*y. Let q be y - (1 + -1 + -83). Suppose b + q = 4*b + 4*a, -2*a + 7